 = l, 0 = -2*y + 2*u + 54. List the prime factors of y.
2, 11
Let a be 2/(-3)*195/(-26). Suppose -i + 210 = 5*u + 20, -25 = -a*u. Suppose -3*z + i = 2*z. List the prime factors of z.
3, 11
Suppose -2*l + 9 = -4*r - 3, -5*r - 4 = 3*l. Let f be 2/4*r + -2. What are the prime factors of -6*(f - (-3)/2)?
3
Let i = 2979 + -2096. What are the prime factors of i?
883
Suppose -14*j - 2*j + 2896 = 0. List the prime factors of j.
181
Let b = 67 - 64. Let m = 44 - b. List the prime factors of m.
41
Let r be ((-4)/(-8))/(2/(-88)). Let x = 4 - r. What are the prime factors of x?
2, 13
Let c(m) = -4*m**3 - 31*m**2 - 17*m - 41. List the prime factors of c(-9).
11, 47
Suppose -5*j + 2850 = 29*p - 26*p, -4*j + 3*p + 2253 = 0. What are the prime factors of j?
3, 7
Let q be (12 + -12)/(1 - -1) - -2. Suppose -3*l + q*l = -63. List the prime factors of l.
3, 7
Suppose 5*x - c = 2*x + 9956, 3*c + 6642 = 2*x. What are the prime factors of x?
2, 3, 7, 79
Suppose -3*i - 2*d = -12 - 3, -2*i + 10 = 3*d. Let m be (6/(-9))/(2/(-30)). What are the prime factors of 2/i - (-196)/m?
2, 5
Suppose -5246 = -12*l + 2086. What are the prime factors of l?
13, 47
Suppose 154*z - 15800 = 146*z. What are the prime factors of z?
5, 79
Let g be (-261)/5 + 7/35. What are the prime factors of (g/16*1)/(2/(-8))?
13
Let h = -167 + 169. Suppose -318 - 248 = -h*n. What are the prime factors of n?
283
Let v(h) be the third derivative of h**5/60 + h**4/24 - h**3/6 + h**2. Let o be v(2). Let l = o - -13. What are the prime factors of l?
2, 3
What are the prime factors of 5/(225/7533) + (-2)/5?
167
Let r = 24 + -9. Let u(p) = -p**2 + 16*p - 13. Let k be u(r). Suppose -5*w + 3*w + 29 = 3*c, -k*w + 3*c = 1. List the prime factors of w.
7
Let y = -16 - -20. Suppose 207 = -f + y*f. Suppose -2*b + 5*b - f = 2*a, 5*b - 4*a = 117. What are the prime factors of b?
3, 7
Let m be (-1)/(6/(-30) - 0). List the prime factors of 10/275*m + 3098/22.
3, 47
Let r be 20/8*20/2. Suppose r = -5*l, -s + 5*s + 3*l = 89. Suppose n - s = 6. What are the prime factors of n?
2
Let d = -1 - -3. Let n be (-7 - 0)*2/d. What are the prime factors of (-1 - 2)/(1/n)?
3, 7
Suppose t + 3*j = 6*t - 11, t = 4*j - 8. What are the prime factors of 46/((-2 + t)/4)?
2, 23
Let o(i) = -7*i**2 - 6 + 4*i - 1 + 8*i**2 + 2. Let y = 9 - 16. List the prime factors of o(y).
2
Let y = 30 - 14. Let b(v) = 12*v - 92. Let x be b(8). Suppose y = a - f - 33, -x*a + 5*f = -194. What are the prime factors of a?
3, 17
Let w = -450 + 444. Let z(v) be the second derivative of -7*v**3/6 - 2*v**2 - v. List the prime factors of z(w).
2, 19
Let w = 3637 - 415. What are the prime factors of w?
2, 3, 179
Let p = 21 - 17. Let f = p + 2. Let g = 26 - f. List the prime factors of g.
2, 5
Let c(v) = -2*v**2 + 31*v + 9. Let f be c(18). Let j = -2 - f. What are the prime factors of j?
79
Suppose -109*m + 107*m - 4 = 0. List the prime factors of (((-4)/(-2) - 2) + -34)/m.
17
Suppose -4*o + 763 = j, -16*j + 18*j - 1526 = -o. What are the prime factors of j?
7, 109
Suppose -2*z - 3 = -9, -275 = a + 2*z. What are the prime factors of a/(-3) + (-16)/6 + 2?
3, 31
Suppose 0 = -2*h + 5*j - 21, 2*h + 2*j = 3*h + 10. List the prime factors of 2/h - (-3172)/16.
2, 3, 11
Let s = 2 - 0. Let n be 49/2*(-4 - -6). Suppose 3*m - n = -2*a, 5*a = m + s*m - 77. What are the prime factors of m?
19
Let p(t) = t**2 - 3*t - 4. Let d(w) = -w**3 - 4*w**2 - 3*w - 3. Let b be d(-4). Let v = -4 + b. What are the prime factors of p(v)?
2, 3
Let z(u) = 2*u + 2. Let k(j) = j**2 + 7*j + 6. Let l(a) = 3*k(a) - 8*z(a). List the prime factors of l(-7).
2, 3, 19
Let x(k) = -k - 4. Let d be x(-4). Suppose 5*m = -d*m. List the prime factors of (-56 - m)/(-4) + 0.
2, 7
Let w = -41 + 18. Let z = 9 - w. What are the prime factors of z?
2
Let s(v) = v**2 - 2*v - 10. Let i be s(8). Suppose 43*h - i*h = 210. List the prime factors of h.
2, 3, 7
Let f(r) = 13*r**2 + 91*r + 30. What are the prime factors of f(-12)?
2, 3, 5
Suppose 5*n - 104 - 341 = 0. Let a = 271 - n. List the prime factors of a.
2, 7, 13
Suppose 9*w = 11*w - 8. Suppose -4*z = -w - 16. Suppose 4*g + 0*v + z*v = 24, g + 9 = -5*v. What are the prime factors of g?
11
Suppose -2*q = -4*z + 4 + 4, -3*z - 5*q = 20. Suppose z = 3*m - 3*n - 114, 0 = -4*n + 3 - 11. List the prime factors of (-1166)/(-18) - (-8)/m.
5, 13
What are the prime factors of 1 + 30948/21 + (-74)/(-259)?
5, 59
Let w = 1 + 2. Suppose w*q - 62 = q - 4*z, -z = -3*q + 79. What are the prime factors of q?
3
Let z be (53*-3)/(2/((-28)/21)). Let f = z - 88. List the prime factors of f.
2, 3
Let l(d) = 3*d**3 - 3*d**2 + d. Suppose -2*k = k + 3. Let t(u) = u**3 + u**2 - 1. Let x(w) = k*t(w) - l(w). What are the prime factors of x(-2)?
43
Let n = 12 + -12. Suppose n = q - 5 + 2. What are the prime factors of (-4)/2 + q + 32?
3, 11
Let p = 32 + 225. What are the prime factors of p?
257
Suppose -662 = -4*d + 2*f, -2*f - 492 = -3*d - 5*f. Suppose -6*z - r + d = -5*z, -2*r + 499 = 3*z. List the prime factors of z.
13
Let h be 37/((-31)/8 - -4). Suppose -4*u - 62 = -2*o - h, 5 = u. Let r = -53 - o. List the prime factors of r.
2, 3
What are the prime factors of 18 + -22 - (-628 - 2)?
2, 313
Suppose 0*m + 728 = -4*m. Let f be (1 - m)*2/6. Suppose -4*b = -75 - f. What are the prime factors of b?
2, 17
Suppose 0 = -3*b + 3*l + 3051, -2*l = -b - 227 + 1249. Suppose 81 = -7*m + b. List the prime factors of m.
7, 19
Let k = 5215 + -2279. List the prime factors of k.
2, 367
Let o(h) = 52*h**2 - 6*h + 5. List the prime factors of o(2).
3, 67
Suppose 81 = 3*o - 39. Suppose 0 = 4*j - 36 - o. What are the prime factors of j?
19
Suppose 2*t = -c + 5, 3*t - 2*t + 8 = -4*c. Let z(l) = -l**3 + 2*l**2 + 7*l + 8. Let s be z(t). Suppose s*b = -0*b + 168. What are the prime factors of b?
2, 3, 7
Suppose -5*q = -10 - 5. Suppose q*m + 8 = 7*m. Let a = 12 - m. List the prime factors of a.
2, 5
Let j = -14 - -36. Suppose j*q - 18*q - 88 = 0. List the prime factors of q.
2, 11
Suppose -4*h + 549 = 97. What are the prime factors of h?
113
Let u = -43 - -38. What are the prime factors of (u/(-9)*3)/(4/108)?
3, 5
Let q(u) = -u**2 + 12*u - 6. Let h be q(5). Suppose -h = 7*j - 8*j. List the prime factors of j.
29
Let p(a) be the second derivative of a**5/20 - 2*a**4/3 - 2*a**3/3 + 15*a**2/2 + 23*a. List the prime factors of p(9).
2, 3, 5
Let q = 2892 - 1424. Suppose 0 = 3*f + 496 - q. Suppose -7*u + 5 + f = 0. What are the prime factors of u?
47
What are the prime factors of 18/(-27)*(-3657)/2?
23, 53
Let f(k) = -k**2 - 1 - 3*k + 0 + 0*k + 38*k**2. What are the prime factors of f(-2)?
3, 17
Let m(v) = -74*v**3 + 2*v**2 - 1. Let h be -1*3 - (10 - 13). Suppose -g - 3*l = -11, -3*g - 5*l + 0 + 17 = h. What are the prime factors of m(g)?
3, 5
Suppose q = -0 + 4, 4*q - 22 = -t. Suppose 4 + t = 5*w. Suppose -4*g = -w*z - 146, 0 = -5*z + 3 + 12. List the prime factors of g.
2, 19
Suppose -5*t - 3*y - y = 8729, -4*t - 6979 = -y. List the prime factors of t/(-65) + (-2)/(-13).
3
Let l(s) = -3*s**3 + 2*s**2 + s. Let r be l(-1). Suppose -4*q - 2*t + 4*t = -286, r*q - 293 = -5*t. List the prime factors of q.
2, 3
List the prime factors of (8092/(-6))/((-20)/30).
7, 17
Let b be 8/(-28) + 40/(-7). Let m be b/(-5)*10/3. Suppose m*y + 22 - 86 = 0. What are the prime factors of y?
2
Suppose 4*u - 36 = -12. Let a be (-7 + u)/((-2)/14). Suppose 0 = a*s - 3*s - 16. What are the prime factors of s?
2
Suppose 3*s = -j + 757 + 192, 3*s = -5*j + 929. List the prime factors of s.
2, 3, 53
Suppose -24 = -2*c - 204. Let u = c + 112. What are the prime factors of u?
2, 11
Let d = 167 + -70. What are the prime factors of d?
97
Let x(g) = 31*g**2 - 7*g + 35. List the prime factors of x(-7).
7, 229
List the prime factors of 5/(80/196)*-1*-160.
2, 5, 7
Suppose 5*s - 3*u = u - 282, 0 = -3*s + u - 165. Suppose -4*l - 95 = 213. Let j = s - l. List the prime factors of j.
23
Suppose 70*t - 71*t + 54 = 0. What are the prime factors of (1 - (-110)/4) + t/108?
29
Let q(v) = 0*v**3 - 5*v**2 + 0*v**2 + v**3 - 10*v + 13 - 6*v**2. Let n be q(12). List the prime factors of n/((3/(-3))/(-1)).
37
Suppose -26*b + 27*b - 388 = 0. What are the prime factors of b?
2, 97
Let c = -90 + 62. Let d = 123 + c. What are the prime factors of d?
5, 19
Suppose -30*x + 13042 = 11